
Let b be 0*-1*(-2)/2. Suppose -12 = -4*c + 5*h + 21, -2*h - 10 = b. Let p(f) = 8*f**2 - f + 1. Is p(c) a prime number?
True
Let a = -528 + 214. Let c = a - -469. Is c a prime number?
False
Let m = -26 + 100. Let x = m - 37. Is x prime?
True
Let o = -1279 + 624. Let y = o - -1406. Is y prime?
True
Let h = 141 - 35. Suppose -81 = -o + h. Is o a prime number?
False
Let l(v) = 1260*v**2 + 3*v - 1. Is l(2) a prime number?
False
Let h(y) = -1690*y + 13. Is h(-4) prime?
False
Is (1/(-4))/((-3)/21324) a prime number?
True
Let w(n) = n**3 - 2*n**2 - 2*n + 3. Let l be w(2). Is l/(-2) + 3065/10 composite?
False
Let l = -2 - 2. Let f = 7 + l. Let v = 22 - f. Is v a prime number?
True
Suppose 0 = 5*y + 10, -3*x + 4*y - 1963 = -0*y. Is (1/(-3))/(1/x) a prime number?
False
Let m be (-20)/110 + 57/11. Let h = -10 - -38. Suppose h = m*o - o. Is o prime?
True
Suppose 2*s = 5*s - 12. Suppose 6*q = q + s*h + 371, 0 = 3*q + h - 209. Is q a composite number?
False
Let v(r) = -r - 6. Let d(h) = -h - 1. Let c(z) = 2*d(z) - v(z). Let t be c(0). Let s(n) = 21*n + 1. Is s(t) composite?
True
Suppose 26 = 5*o - 4. Suppose 0 = 2*z + 5*k - 132 - 245, -o = -2*k. Let i = z - 18. Is i a prime number?
True
Suppose -y - d + 2918 = 0, -3*y + 11*d = 6*d - 8778. Is y a composite number?
True
Let g(t) = -t + 8. Suppose 0 = -5*l + l + 16. Let k be g(l). Suppose -6 = -k*d + 34. Is d a composite number?
True
Let c(r) = 2*r**3 - 4*r**2 - 2*r + 14. Let i(j) = j**2 - 1. Let w(o) = c(o) + 4*i(o). Let h be w(-7). Is 2/9 - h/18 a prime number?
True
Let q = 324 + -169. Is q prime?
False
Let j(p) = 14*p + 4. Let b(v) = -v + 9. Let i be b(6). Is j(i) prime?
False
Suppose 0 = 3*y - 2*y. Let v be (10/6)/((-3)/(-27)). Let x = v - y. Is x composite?
True
Is 568/(-12)*(-6)/4 a prime number?
True
Let s(u) = 3*u**3 - 2*u**2 - 3*u + 1. Let j(c) = c**3 - 3*c**2 - 4*c + 4. Let k be j(4). Is s(k) a composite number?
False
Suppose 2*u - c = -0*c - 127, -4*u - 253 = -3*c. Suppose 0*d = -d - 33. Let x = d - u. Is x prime?
True
Let k(d) = d - 5*d - 3 + d**2 + 6*d. Suppose 16 = 2*h - 2*f, -5*h + 4*f + 0*f = -36. Is k(h) prime?
False
Suppose 4*q + 2*x = 2 - 8, 4*q = 3*x + 19. Let n(w) = 160*w**3 + 1. Is n(q) a prime number?
False
Let m = -1 + 119. Is m a prime number?
False
Let a(h) = -h**2 + 9*h - 9. Let j be (-7)/2*(-1 + -1). Let w be a(j). Suppose 0 = 5*t - 5 - w, 2*t = 5*s - 16. Is s a prime number?
False
Let s(o) = -4*o - 2. Let y(u) = u**3 - 8*u**2 - u + 5. Let t be y(8). Is s(t) composite?
True
Let x = -47 - -67. Suppose -3*l + 0*l = -4*j + 472, -x = 5*l. Is j a prime number?
False
Let t = 2730 + -1227. Suppose 0 = -k + 3*k + 4*n - 1006, 3*n = -3*k + t. Is k composite?
False
Let m(z) = z - 4. Let u be m(4). Suppose 5*h + 5*s - 366 = h, s - 2 = u. Is h a prime number?
True
Let y = 140 + -226. Is (-1)/6 - y/12 composite?
False
Suppose -3*y = 3*u - 362 - 10, -4*y = 2*u - 494. Is y composite?
True
Let s be ((-7)/(-4))/((-2)/(-8)). Suppose 3*y - s*y = -716. Is y prime?
True
Let g be (0 - (-10)/4)*-2. Let l(h) = 4*h**2 + 3*h + 6. Is l(g) a composite number?
True
Suppose 0 = -5*g + 1 + 4, 3*w + g - 1 = 0. Suppose w*x + 1670 = x. Is (-1)/6 + x/12 a prime number?
True
Let h(b) be the second derivative of 5*b**4/6 + 2*b**3/3 - 15*b**2/2 - 8*b. Is h(7) prime?
True
Let l(p) = 5*p**3 + 2*p**2 + 3*p - 3. Is l(3) prime?
False
Suppose 0 = 2*t + 2*t - 8. Suppose t*z - 3 = -z. Suppose u = z, -2*h + 4*h - 129 = u. Is h composite?
True
Let r = -1 + 32. Suppose -5*u + m = -61, 3*u - 3*m - r = -m. Is u composite?
False
Let d = 25 + -17. Let n(p) = 2*p + 3. Is n(d) prime?
True
Is ((-53067)/(-12))/7 + 15/(-20) a composite number?
False
Suppose 6 = 3*k, -4*k + 6 = -2*z + 16. Let d = -5 + z. Is (2/d)/((-2)/(-212)) prime?
True
Let s(x) = 7*x**2 + 4*x - 4. Is s(5) composite?
False
Suppose q = -3*q. Is (q/(-1))/3 + 95 a composite number?
True
Let u(j) = 7*j**3 + 6*j**2 - 3*j + 6. Let l(r) = 13 + 17*r**3 - 7*r + 12*r**2 - 4*r**3 + 2*r**3. Let f(p) = -6*l(p) + 13*u(p). Is f(-5) a composite number?
True
Let w be 1/4 + 3/(-12). Suppose 5*q + 18 = y - w*y, -2*y + 5*q + 11 = 0. Let u = y + 84. Is u composite?
True
Suppose -4*f = -2*f - 6. Suppose 3*m = f - 27. Is -5*(m/(-10) - 2) a composite number?
True
Suppose 2*x = 5*x - 18. Is (21/x)/((-4)/(-184)) a composite number?
True
Let i = 1517 - 1050. Is i composite?
False
Let l = 200 + -115. Is l prime?
False
Suppose 1563 = -7*y + 10*y. Is y a prime number?
True
Let m(i) = 721*i**2 + 2*i - 2. Is m(1) a prime number?
False
Let k = -165 - -625. Suppose -2*y = 2*y - k. Is y a prime number?
False
Let q = 381 - 809. Let r = 850 + q. Is r a composite number?
True
Let m be -1*(10 - 2)/2. Let f(i) = -27*i + 3. Let k be f(m). Is 2/(-4) + k/2 a prime number?
False
Suppose 3830 = 5*m + 3*h + 2*h, -3*m + 4*h = -2319. Is m a prime number?
True
Suppose -j - 9 = -3*h - 0*h, -3*h = 5*j + 9. Let i = j - -3. Suppose 5*t = 2*q + 129 + 42, -3*t + 4*q + 97 = i. Is t composite?
True
Let p(h) = -h**3 + 19*h**2 + 4*h + 39. Is p(16) a composite number?
True
Suppose -3*q + 4*z = -25, 5*q - 13 - 10 = 2*z. Let n = 6 - q. Suppose 0*c = 4*m + 5*c - 173, -n*m + 116 = c. Is m a composite number?
False
Let y = 45 + 178. Is y a composite number?
False
Suppose -5*o + 1 = -49. Let j be 2 + -4 - (-7 - -4). Is (o - (-2)/j) + -1 composite?
False
Suppose -2*q + 4*h - 2 = -4, 4*q + h - 4 = 0. Is q - (2 + 103)*-1 prime?
False
Suppose 5*c + z - 6 = 0, 0 = -5*c + 3*c + 5*z + 24. Suppose -841 = -c*q - 255. Is q a prime number?
True
Suppose 25 = i - 2*i + 4*o, 3*o + 62 = -4*i. Let q(f) = 3*f**2 - f + 5. Let a be q(5). Let r = i + a. Is r composite?
True
Let r = -5 + 67. Is r a prime number?
False
Suppose w - 5*w = -2*o - 10, 5*w - 5*o = 0. Suppose 2*t - 204 = -3*c, 6*t - 4*t = -5*c + 340. Suppose -w*x = -27 - c. Is x composite?
False
Suppose 3*m = 3*z - 7*z + 699, m - z = 233. Is m composite?
False
Let u = 7 + -6. Is (245/(-28))/(u/(-4)) composite?
True
Let h(v) = -v**2 + 28*v - 31. Is h(18) a composite number?
False
Let d = 320 + -13. Is d a composite number?
False
Suppose -3*c - 1 = -7. Let r(f) = -f. Let w be r(0). Suppose -2*n - c*n + 100 = w. Is n a composite number?
True
Let b(h) be the second derivative of -h**3/6 + 7*h**2/2 - 2*h. Let d be b(7). Suppose 0 = t - d - 15. Is t a composite number?
True
Let z be -1*(-2)/3*6. Let n(u) = u**2 - z - 2*u**2 - 6*u + 9. Is n(-5) prime?
False
Suppose 4*f = 2*h + 14, h - 5*h - 5*f = -37. Suppose -2*w + 81 = h. Suppose -w = -6*v + 3*v. Is v a composite number?
False
Suppose 4*c = -3*i + 53, 3*i - 4*i + c = -13. Suppose i = -0*u + 3*u. Let p = u + 5. Is p a composite number?
True
Let w(f) = 42*f**2 + 2. Let y be w(-2). Suppose 2*d = 2*o + y, 7 = 2*d + o - 175. Is d a composite number?
False
Suppose 0 = -6*z + 3*z + 18. Suppose 0*a + d + 90 = 5*a, a = -4*d + 39. Let f = a - z. Is f composite?
False
Let t(o) be the first derivative of 3*o**2 + 2*o - 2. Let c be t(4). Suppose -4 = -2*r + c. Is r prime?
False
Let l(x) = -507*x**3 - 2*x**2 + 2*x + 3. Let h be l(-1). Suppose f - 82 = -0*f. Suppose -2*y + f = -4*q - 428, 2*y - 5*q = h. Is y a composite number?
False
Let z(y) = -185*y + 7. Is z(-2) a prime number?
False
Is ((-7)/(63/6))/((-4)/498) a prime number?
True
Let d = 70 - 105. Let r be d + (0 + 2 - 0). Let z = 52 + r. Is z a composite number?
False
Let n(o) be the first derivative of 2*o**3/3 - 3*o**2 - 7*o - 2. Suppose 5*y + 0*k = 2*k + 27, -4*y - 4*k = -44. Is n(y) a composite number?
True
Let p(u) = 58*u - 1. Is p(5) composite?
True
Suppose 1428 = 4*m - 696. Suppose 140 + 287 = 3*d + 2*x, -5*x - m = -4*d. Is d composite?
False
Let r be (-4 - -2)/((-3)/426). Let k be 2/(-9) - r/18. Is ((-308)/k)/((-2)/(-8)) composite?
True
Suppose 4*t = u + 346 + 1245, -400 = -t + u. Is t composite?
False
Is 6813/(-6)*8/(-12) a composite number?
False
Suppose -2*b = 3*b - 565. Is b composite?
False
Let b(j) = 4*j**2 - 2*j + 5. Is b(-5) a composite number?
True
Suppose 4*l - 157 = 2*g - g, 2*g = 3*l - 119. Suppose -3*p + 0*p = -l. Is p a composite number?
False
Suppose 14*f - 6904 = 2518. Is f a composite number?
False
Suppose 5*q - 2*r - 4998 = -6*r, 0 = -2*q + 5*r + 1986. Is q prime?
False
Suppose q = -4*q + b + 22, -3*q + 2*b + 9 = 0. Let m = -3 + q. Suppose 140 = m*y - 2*z, 5*y - 351 = -0*z + 4*z. I